{"id":593,"date":"2020-10-27T16:13:31","date_gmt":"2020-10-27T16:13:31","guid":{"rendered":"https:\/\/wp.manulistretch.hu\/?post_type=product&#038;p=593"},"modified":"2023-03-13T16:02:35","modified_gmt":"2023-03-13T16:02:35","slug":"felautomata-sfera-easy-sfera-csomagolo-robot","status":"publish","type":"product","link":"https:\/\/manupackaging.hu\/en\/termek\/felautomata-sfera-easy-sfera-csomagolo-robot\/","title":{"rendered":"F\u00e9lautomata SFERA EASY \/ SFERA csomagol\u00f3 robot"},"content":{"rendered":"<p><strong><span style=\"font-size: 1.5em;\">M\u0170SZAKI ADATOK<\/span><\/strong><\/p>\n<ul>\n<li>2 db 12 V-os 110 Ah-s zsel\u00e9s akkumul\u00e1tor soros kapcsol\u00e1ssal (z\u00e1rt \u00e9s karbantart\u00e1smentes)<\/li>\n<li>t\u00f6lt\u00e9senk\u00e9nti teljes\u00edtm\u00e9ny: 200 raklap\/t\u00f6lt\u00e9s<\/li>\n<li>t\u00f6lt\u00e9si id\u0151: 8-10 \u00f3ra<\/li>\n<li>be\u00e9p\u00edtett nagyfrekvenci\u00e1s akkumul\u00e1tort\u00f6lt\u0151 k\u00fcls\u0151 csatlakoz\u00f3dugasszal<\/li>\n<li>raklapmagass\u00e1got \u00e9rz\u00e9kel\u0151 fotocella<\/li>\n<li>kivitel: emel\u0151karos \/ oszlopos (klasszikus)<\/li>\n<li>max. csomagolhat\u00f3 magass\u00e1g (a raklapot bele\u00e9rtve): 3500 mm az oszlopos kiviteln\u00e9l<\/li>\n<li>hangjelz\u00e9s \u00e9s villog\u00f3 l\u00e1mpa csomagol\u00e1s k\u00f6zben<\/li>\n<li>v\u00e9szle\u00e1ll\u00edt\u00f3 motorf\u00e9kkel<\/li>\n<li>3 vagy 99 program hely a csomagol\u00e1si \u201ereceptek\u201d ment\u00e9s\u00e9hez<\/li>\n<li>kulccsal z\u00e1rhat\u00f3<\/li>\n<li>minden param\u00e9ter be\u00e1ll\u00edthat\u00f3 az LCD kijelz\u0151n<\/li>\n<li>elektromosan mozgathat\u00f3<\/li>\n<li>CE min\u0151s\u00edt\u00e9s<\/li>\n<\/ul>\n<p><strong><span style=\"font-size: 1.5em;\">Alapfelszerelts\u00e9g<\/span><\/strong><\/p>\n<p><strong><span style=\"font-size: 1.5em;\">\u00a0<\/span><\/strong>&#8220;FM&#8221; t\u00edpus\u00fa kocsi mechanikus f\u00e9kkel a\u00a0gumirozott f\u00f3liavezet\u0151 tengelyen \u2013 manu\u00e1lisan \u00e1ll\u00edthat\u00f3 a kocsin.<\/p>\n<p>&nbsp;<\/p>\n<p><iframe loading=\"lazy\" src=\"https:\/\/www.youtube.com\/embed\/yrYGUlhwLQc\" width=\"560\" height=\"315\" frameborder=\"0\" allowfullscreen=\"allowfullscreen\"><\/iframe><\/p>\n<p>&nbsp;<\/p>\n<h4>Tov\u00e1bbi vide\u00f3k:<\/h4>\n<p><a href=\"https:\/\/youtu.be\/JwgLLu6PP7M\">A Sfera \u00e9rint\u0151k\u00e9perny\u0151j\u00e9nek kalibr\u00e1l\u00e1sa<\/a><\/p>\n<p><b>Szerkeszt\u0151<\/b> EGY\u00c9B adatok<\/p>\n<h2>F\u00f3liakocsi opci\u00f3k<\/h2>\n<ul>\n<li>\u201eFE&#8221; t\u00edpus\u00fa kocsi elektrom\u00e1gneses f\u00e9kkel<\/li>\n<li>\u201ePRS&#8221; (power roller stretch) t\u00edpus\u00fa kocsi fix el\u0151ny\u00fajt\u00e1ssal<\/li>\n<li>\u201ePS&#8221; (power stretch) t\u00edpus\u00fa kocsi, 120-400%-os el\u0151ny\u00fajt\u00e1si lehet\u0151s\u00e9ggel<\/li>\n<\/ul>\n<p><b>Szerkeszt\u0151<\/b> EGY\u00c9B adatok<\/p>\n<h2>Opci\u00f3k<\/h2>\n<ul>\n<li>emel\u0151kar max. 2400 mm-es csomagol\u00e1si magass\u00e1ghoz<\/li>\n<li>stretch-f\u00f3lia felhaszn\u00e1l\u00e1s kijelz\u0151n t\u00f6rt\u00e9n\u0151 megjelen\u00edt\u00e9se<\/li>\n<li>automata f\u00f3lia v\u00e1g\u00f3 (FE, PRS \u00e9s PS kocsi eset\u00e9n)<\/li>\n<li>oszlop max. 2700 mm-es csomagol\u00e1si magass\u00e1ghoz<\/li>\n<li>oszlop max. 3000 mm-es csomagol\u00e1si magass\u00e1ghoz<\/li>\n<li>oszlop max. 3500 mm-es csomagol\u00e1si magass\u00e1ghoz<\/li>\n<li>k\u00e9zi k\u00f6t\u00f6z\u0151 funkci\u00f3 a csomagol\u00e1s meger\u0151s\u00edt\u00e9s\u00e9hez<\/li>\n<li>A f\u00f3lia sz\u00e9less\u00e9g\u00e9t lecs\u00f6kkentve, k\u00f6t\u00e9lk\u00e9nt er\u0151s\u00edti meg rakom\u00e1nyt.<\/li>\n<li>magas \u00e9rz\u00e9kenys\u00e9g\u0171 fotocella a fekete \u00e9s f\u00e9nyes term\u00e9kekhez<\/li>\n<\/ul>\n<p><b>Szerkeszt\u0151<\/b> Plusz kiemelt gondolat<\/p>\n<p>T\u00f6k\u00e9letes az instabil, nagy m\u00e9ret\u0171, neh\u00e9z raklapok csomagol\u00e1s\u00e1ra. Elektromosan mozgathat\u00f3, \u00edgy rugalmas felhaszn\u00e1l\u00e1st biztos\u00edt, b\u00e1rhol haszn\u00e1lhat\u00f3, ahol biztos\u00edtott az egyenletes padl\u00f3. 40-50%-kal hat\u00e9konyabb a k\u00e9zi csomagol\u00e1sn\u00e1l. K\u00f6nnyen kezelhet\u0151, alacsony karbantart\u00e1si ig\u00e9ny\u0171.<\/p>\n","protected":false},"excerpt":{"rendered":"<p>\u00d6nj\u00e1r\u00f3 csomagol\u00f3 robot rugalmas felhaszn\u00e1l\u00e1sra<\/p>\n","protected":false},"featured_media":3097,"template":"","meta":{"_acf_changed":false,"_seopress_robots_primary_cat":"","_seopress_titles_title":"","_seopress_titles_desc":"","_seopress_robots_index":""},"product_brand":[],"product_cat":[39,32,31],"product_tag":[],"class_list":{"0":"post-593","1":"product","2":"type-product","3":"status-publish","4":"has-post-thumbnail","6":"product_cat-felautomata-stretch-foliazo-gepek","7":"product_cat-stretch-foliazo-gepek","8":"product_cat-stretch-foliazo-robotok","10":"first","11":"instock","12":"shipping-taxable","13":"product-type-simple"},"acf":[],"_links":{"self":[{"href":"https:\/\/manupackaging.hu\/en\/wp-json\/wp\/v2\/product\/593","targetHints":{"allow":["GET"]}}],"collection":[{"href":"https:\/\/manupackaging.hu\/en\/wp-json\/wp\/v2\/product"}],"about":[{"href":"https:\/\/manupackaging.hu\/en\/wp-json\/wp\/v2\/types\/product"}],"wp:featuredmedia":[{"embeddable":true,"href":"https:\/\/manupackaging.hu\/en\/wp-json\/wp\/v2\/media\/3097"}],"wp:attachment":[{"href":"https:\/\/manupackaging.hu\/en\/wp-json\/wp\/v2\/media?parent=593"}],"wp:term":[{"taxonomy":"product_brand","embeddable":true,"href":"https:\/\/manupackaging.hu\/en\/wp-json\/wp\/v2\/product_brand?post=593"},{"taxonomy":"product_cat","embeddable":true,"href":"https:\/\/manupackaging.hu\/en\/wp-json\/wp\/v2\/product_cat?post=593"},{"taxonomy":"product_tag","embeddable":true,"href":"https:\/\/manupackaging.hu\/en\/wp-json\/wp\/v2\/product_tag?post=593"}],"curies":[{"name":"wp","href":"https:\/\/api.w.org\/{rel}","templated":true}]}}

Félautomata SFERA EASY / SFERA csomagoló robot

<p><strong><span style="font-size: 1.5em;">MŰSZAKI ADATOK</span></strong></p>
<ul>
<li>2 db 12 V-os 110 Ah-s zselés akkumulátor soros kapcsolással (zárt és karbantartásmentes)</li>
<li>töltésenkénti teljesítmény: 200 raklap/töltés</li>
<li>töltési idő: 8-10 óra</li>
<li>beépített nagyfrekvenciás akkumulátortöltő külső csatlakozódugasszal</li>
<li>raklapmagasságot érzékelő fotocella</li>
<li>kivitel: emelőkaros / oszlopos (klasszikus)</li>
<li>max. csomagolható magasság (a raklapot beleértve): 3500 mm az oszlopos kivitelnél</li>
<li>hangjelzés és villogó lámpa csomagolás közben</li>
<li>vészleállító motorfékkel</li>
<li>3 vagy 99 program hely a csomagolási „receptek” mentéséhez</li>
<li>kulccsal zárható</li>
<li>minden paraméter beállítható az LCD kijelzőn</li>
<li>elektromosan mozgatható</li>
<li>CE minősítés</li>
</ul>
<p><strong><span style="font-size: 1.5em;">Alapfelszereltség</span></strong></p>
<p><strong><span style="font-size: 1.5em;"> </span></strong>&#8220;FM&#8221; típusú kocsi mechanikus fékkel a gumirozott fóliavezető tengelyen – manuálisan állítható a kocsin.</p>
<p>&nbsp;</p>
<p><iframe loading="lazy" src="https://www.youtube.com/embed/yrYGUlhwLQc" width="560" height="315" frameborder="0" allowfullscreen="allowfullscreen"></iframe></p>
<p>&nbsp;</p>
<h4>További videók:</h4>
<p><a href="https://youtu.be/JwgLLu6PP7M">A Sfera érintőképernyőjének kalibrálása</a></p>
<p><b>Szerkesztő</b> EGYÉB adatok</p>
<h2>Fóliakocsi opciók</h2>
<ul>
<li>„FE&#8221; típusú kocsi elektromágneses fékkel</li>
<li>„PRS&#8221; (power roller stretch) típusú kocsi fix előnyújtással</li>
<li>„PS&#8221; (power stretch) típusú kocsi, 120-400%-os előnyújtási lehetőséggel</li>
</ul>
<p><b>Szerkesztő</b> EGYÉB adatok</p>
<h2>Opciók</h2>
<ul>
<li>emelőkar max. 2400 mm-es csomagolási magassághoz</li>
<li>stretch-fólia felhasználás kijelzőn történő megjelenítése</li>
<li>automata fólia vágó (FE, PRS és PS kocsi esetén)</li>
<li>oszlop max. 2700 mm-es csomagolási magassághoz</li>
<li>oszlop max. 3000 mm-es csomagolási magassághoz</li>
<li>oszlop max. 3500 mm-es csomagolási magassághoz</li>
<li>kézi kötöző funkció a csomagolás megerősítéséhez</li>
<li>A fólia szélességét lecsökkentve, kötélként erősíti meg rakományt.</li>
<li>magas érzékenységű fotocella a fekete és fényes termékekhez</li>
</ul>
<p><b>Szerkesztő</b> Plusz kiemelt gondolat</p>
<p>Tökéletes az instabil, nagy méretű, nehéz raklapok csomagolására. Elektromosan mozgatható, így rugalmas felhasználást biztosít, bárhol használható, ahol biztosított az egyenletes padló. 40-50%-kal hatékonyabb a kézi csomagolásnál. Könnyen kezelhető, alacsony karbantartási igényű.</p>

<p>Önjáró csomagoló robot rugalmas felhasználásra</p>
