{"id":566,"date":"2020-10-27T15:37:44","date_gmt":"2020-10-27T15:37:44","guid":{"rendered":"https:\/\/wp.manulistretch.hu\/?post_type=product&#038;p=566"},"modified":"2021-08-18T14:14:43","modified_gmt":"2021-08-18T14:14:43","slug":"full-automata-omega-forgogyurus","status":"publish","type":"product","link":"https:\/\/manupackaging.hu\/en\/termek\/full-automata-omega-forgogyurus\/","title":{"rendered":"Full automata OMEGA forg\u00f3gy\u0171r\u0171s stretch-f\u00f3li\u00e1z\u00f3 g\u00e9p"},"content":{"rendered":"<h2><span style=\"font-size: 1.17em;\">M\u0170SZAKI ADATOK<\/span><\/h2>\n<ul>\n<li>max. raklap m\u00e9ret: 1200 x 1200 mm\/1300 x 1100 mm<\/li>\n<li>raklap homlokzati ir\u00e1ny: ig\u00e9ny szerint<\/li>\n<li>rakat s\u00faly: 100-1200 kg (76 mm-es g\u00f6rg\u0151k eset\u00e9n), 2000 kg (89 mm-es g\u00f6rg\u0151k eset\u00e9n)<\/li>\n<li>csomagol\u00e1si magass\u00e1g: min. 900 mm (fed\u0151f\u00f3lia eset\u00e9n), max. 2200 mm (raklapot bele\u00e9rtve)<\/li>\n<li>fed\u0151f\u00f3li\u00e1z\u00e1s: igen<b>\u00a0<\/b><\/li>\n<li>fels\u0151 leszor\u00edt\u00f3 egys\u00e9g: van<\/li>\n<li>g\u00f6rg\u0151s sz\u00e1ll\u00edt\u00f3p\u00e1lya sebess\u00e9ge: 12 &#8211; 20 m\/percig (inverter be\u00e9p\u00edt\u00e9s\u00e9vel) &#8211; a term\u00e9kek stabilit\u00e1s\u00e1t\u00f3l \u00e9s a csomagol\u00f3g\u00e9p kapacit\u00e1s\u00e1t\u00f3l f\u00fcgg\u0151en<\/li>\n<li>forg\u00e1si sebess\u00e9g: 65\/70 rpm<\/li>\n<li>g\u00f6rg\u0151s sz\u00e1ll\u00edt\u00f3p\u00e1lya magass\u00e1ga: 400 mm (k\u00e9r\u00e9sre m\u00f3dos\u00edthat\u00f3)<\/li>\n<li>villamos fesz\u00fclts\u00e9g: 400V &#8211; 50Hz, 3 f\u00e1zis + nulla + f\u00f6ld<\/li>\n<li>PLC kimen\u0151\/bej\u00f6v\u0151 fesz\u00fclt\u00e9sg: 24V<\/li>\n<li>leveg\u0151nyom\u00e1s: sz\u00e1razleveg\u0151 6 bar<\/li>\n<li>termel\u00e9si kapacit\u00e1s: 170 raklap\/\u00f3ra, 90 raklap\/\u00f3ra (fed\u0151f\u00f3li\u00e1val)<\/li>\n<li>fest\u00e9s\/sz\u00edn: standard sz\u00fcrke, s\u00e1rga (m\u00f3dos\u00edthat\u00f3)<\/li>\n<li>raklapmagass\u00e1g-\u00e9rz\u00e9kel\u0151 fotocella<\/li>\n<li>el\u0151ny\u00fajt\u00e1s: 160-300%<\/li>\n<li>automata, \u00f6nbe\u00e1ll\u00f3 hegeszt\u0151- \u00e9s v\u00e1g\u00f3rendszer<\/li>\n<\/ul>\n<p><iframe loading=\"lazy\" src=\"https:\/\/www.youtube.com\/embed\/69dvUoRjfwY\" width=\"560\" height=\"315\" frameborder=\"0\" allowfullscreen=\"allowfullscreen\"><\/iframe><\/p>\n<p>&nbsp;<\/p>\n<h2><strong>&#8220;Egyedi mez\u0151k&#8221;<\/strong><\/h2>\n<p><b>Szerkeszt\u0151<\/b> Plusz kiemelt gondolat<\/p>\n<p><b>Rendk\u00edv\u00fcl gyors, teljesen automata forg\u00f3gy\u0171r\u0171s f\u00f3li\u00e1z\u00f3g\u00e9p. Conveyor sorba illesztve csak a f\u00f3liatekercset kell cser\u00e9lnie, m\u00e1s feladata nem lesz! \u00d3r\u00e1nk\u00e9nt ak\u00e1r 170 raklapot is k\u00e9pes becsomagolni, r\u00e1ad\u00e1sul f\u00f3liahat\u00e9konyan csomagol, \u00edgy f\u00f3liacser\u00e9re is ritk\u00e1bban van sz\u00fcks\u00e9g.<\/b><\/p>\n<p>&nbsp;<\/p>\n<p><b>Szerkeszt\u0151<\/b> EGY\u00c9B adatok<\/p>\n<p>&nbsp;<\/p>\n<h2>Opci\u00f3k<\/h2>\n<ul>\n<li>lees\u00e9sg\u00e1tl\u00f3 automata rendszer &#8211; megakad\u00e1lyozza a gy\u0171r\u0171 v\u00e9letlenszer\u0171 vertik\u00e1lis mozg\u00e1s\u00e1t, b\u00e1rmilyen munkamagass\u00e1gban is m\u0171k\u00f6dj\u00f6n.<\/li>\n<li>TELEMECANIQUE 3 sz\u00edn\u0171 jelz\u0151l\u00e1mp\u00e1k<\/li>\n<li>MULTIPROGRAMOK &#8211;\u00a020 k\u00fcl\u00f6nb\u00f6z\u0151 program kezel\u00e9s\u00e9re alkalmas Hardware \u00e9s Software annak minden param\u00e9ter\u00e9vel<\/li>\n<li>integr\u00e1lt fed\u0151lap adagol\u00f3 &#8211; extra v\u00e9delmet ny\u00fajt az es\u0151vel, porral szemben.<\/li>\n<li>k\u00f6t\u00f6z\u0151 funkci\u00f3 a csomagol\u00e1s meger\u0151s\u00edt\u00e9s\u00e9hez<\/li>\n<li>fels\u0151 leszor\u00edt\u00f3 egys\u00e9g &#8211;\u00a0a raklapot fixen tartja a csomagol\u00e1s ideje alatt, 70 raklap\/\u00f3ra sebess\u00e9g felett a fed\u0151lapot is a megfelel\u0151 helyen tartja<\/li>\n<li>g\u00f6rg\u0151s conveyor &#8211;\u00a076 mm \u00e1tm\u00e9r\u0151j\u0171 g\u00f6rg\u0151kkel, 120 mm menetemelked\u00e9ssel, 0,5 kW-os motorral \u00e9s raklap poz\u00edci\u00f3t \u00e9rz\u00e9kel\u0151 fotocell\u00e1val.<\/li>\n<li>89 mm \u00e1tm\u00e9r\u0151j\u0171 g\u00f6rg\u0151k<\/li>\n<li>inverter \u00e1ltal vez\u00e9relt conveyor sebess\u00e9g<\/li>\n<li>raklap emel\u0151 &#8211; pneumatikus vez\u00e9rl\u00e9s\u0171, lehet\u0151v\u00e9 teszi a rakom\u00e1ny f\u00f3li\u00e1val t\u00f6rt\u00e9n\u0151 raklaphoz val\u00f3 r\u00f6gz\u00edt\u00e9s\u00e9t a m\u00e9g nagyobb biztons\u00e1g \u00e9rdek\u00e9ben.<\/li>\n<li>motoriz\u00e1lt g\u00f6rg\u0151s sz\u00e1ll\u00edt\u00f3szalag a kiad\u00f3oldalon 76mm \u00e1tm\u00e9r\u0151j\u0171 g\u00f6rg\u0151kkel, 120 mm menetemelked\u00e9ssel<\/li>\n<\/ul>\n","protected":false},"excerpt":{"rendered":"<p>Rendk\u00edv\u00fcl gyors forg\u00f3gy\u0171r\u0171s stretch-f\u00f3li\u00e1z\u00f3 g\u00e9p<\/p>\n","protected":false},"featured_media":567,"template":"","meta":{"_acf_changed":false,"_seopress_robots_primary_cat":"","_seopress_titles_title":"","_seopress_titles_desc":"","_seopress_robots_index":""},"product_brand":[],"product_cat":[38,35,32],"product_tag":[50,52,51,53,49,48],"class_list":{"0":"post-566","1":"product","2":"type-product","3":"status-publish","4":"has-post-thumbnail","6":"product_cat-forgogyurus-stretch-foliazo-gepek","7":"product_cat-full-automata-stretch-foliazo-gepek","8":"product_cat-stretch-foliazo-gepek","9":"product_tag-foliazo-gep","10":"product_tag-raklap-csomagolas","11":"product_tag-raklapcsomagolo-gep","12":"product_tag-streccsfolia","13":"product_tag-streccsfoliazo-gep","14":"product_tag-stretch-foliazo-gep","16":"first","17":"instock","18":"shipping-taxable","19":"product-type-simple"},"acf":[],"_links":{"self":[{"href":"https:\/\/manupackaging.hu\/en\/wp-json\/wp\/v2\/product\/566","targetHints":{"allow":["GET"]}}],"collection":[{"href":"https:\/\/manupackaging.hu\/en\/wp-json\/wp\/v2\/product"}],"about":[{"href":"https:\/\/manupackaging.hu\/en\/wp-json\/wp\/v2\/types\/product"}],"wp:featuredmedia":[{"embeddable":true,"href":"https:\/\/manupackaging.hu\/en\/wp-json\/wp\/v2\/media\/567"}],"wp:attachment":[{"href":"https:\/\/manupackaging.hu\/en\/wp-json\/wp\/v2\/media?parent=566"}],"wp:term":[{"taxonomy":"product_brand","embeddable":true,"href":"https:\/\/manupackaging.hu\/en\/wp-json\/wp\/v2\/product_brand?post=566"},{"taxonomy":"product_cat","embeddable":true,"href":"https:\/\/manupackaging.hu\/en\/wp-json\/wp\/v2\/product_cat?post=566"},{"taxonomy":"product_tag","embeddable":true,"href":"https:\/\/manupackaging.hu\/en\/wp-json\/wp\/v2\/product_tag?post=566"}],"curies":[{"name":"wp","href":"https:\/\/api.w.org\/{rel}","templated":true}]}}

Full automata OMEGA forgógyűrűs stretch-fóliázó gép

<h2><span style="font-size: 1.17em;">MŰSZAKI ADATOK</span></h2>
<ul>
<li>max. raklap méret: 1200 x 1200 mm/1300 x 1100 mm</li>
<li>raklap homlokzati irány: igény szerint</li>
<li>rakat súly: 100-1200 kg (76 mm-es görgők esetén), 2000 kg (89 mm-es görgők esetén)</li>
<li>csomagolási magasság: min. 900 mm (fedőfólia esetén), max. 2200 mm (raklapot beleértve)</li>
<li>fedőfóliázás: igen<b> </b></li>
<li>felső leszorító egység: van</li>
<li>görgős szállítópálya sebessége: 12 &#8211; 20 m/percig (inverter beépítésével) &#8211; a termékek stabilitásától és a csomagológép kapacitásától függően</li>
<li>forgási sebesség: 65/70 rpm</li>
<li>görgős szállítópálya magassága: 400 mm (kérésre módosítható)</li>
<li>villamos feszültség: 400V &#8211; 50Hz, 3 fázis + nulla + föld</li>
<li>PLC kimenő/bejövő feszültésg: 24V</li>
<li>levegőnyomás: szárazlevegő 6 bar</li>
<li>termelési kapacitás: 170 raklap/óra, 90 raklap/óra (fedőfóliával)</li>
<li>festés/szín: standard szürke, sárga (módosítható)</li>
<li>raklapmagasság-érzékelő fotocella</li>
<li>előnyújtás: 160-300%</li>
<li>automata, önbeálló hegesztő- és vágórendszer</li>
</ul>
<p><iframe loading="lazy" src="https://www.youtube.com/embed/69dvUoRjfwY" width="560" height="315" frameborder="0" allowfullscreen="allowfullscreen"></iframe></p>
<p>&nbsp;</p>
<h2><strong>&#8220;Egyedi mezők&#8221;</strong></h2>
<p><b>Szerkesztő</b> Plusz kiemelt gondolat</p>
<p><b>Rendkívül gyors, teljesen automata forgógyűrűs fóliázógép. Conveyor sorba illesztve csak a fóliatekercset kell cserélnie, más feladata nem lesz! Óránként akár 170 raklapot is képes becsomagolni, ráadásul fóliahatékonyan csomagol, így fóliacserére is ritkábban van szükség.</b></p>
<p>&nbsp;</p>
<p><b>Szerkesztő</b> EGYÉB adatok</p>
<p>&nbsp;</p>
<h2>Opciók</h2>
<ul>
<li>leesésgátló automata rendszer &#8211; megakadályozza a gyűrű véletlenszerű vertikális mozgását, bármilyen munkamagasságban is működjön.</li>
<li>TELEMECANIQUE 3 színű jelzőlámpák</li>
<li>MULTIPROGRAMOK &#8211; 20 különböző program kezelésére alkalmas Hardware és Software annak minden paraméterével</li>
<li>integrált fedőlap adagoló &#8211; extra védelmet nyújt az esővel, porral szemben.</li>
<li>kötöző funkció a csomagolás megerősítéséhez</li>
<li>felső leszorító egység &#8211; a raklapot fixen tartja a csomagolás ideje alatt, 70 raklap/óra sebesség felett a fedőlapot is a megfelelő helyen tartja</li>
<li>görgős conveyor &#8211; 76 mm átmérőjű görgőkkel, 120 mm menetemelkedéssel, 0,5 kW-os motorral és raklap pozíciót érzékelő fotocellával.</li>
<li>89 mm átmérőjű görgők</li>
<li>inverter által vezérelt conveyor sebesség</li>
<li>raklap emelő &#8211; pneumatikus vezérlésű, lehetővé teszi a rakomány fóliával történő raklaphoz való rögzítését a még nagyobb biztonság érdekében.</li>
<li>motorizált görgős szállítószalag a kiadóoldalon 76mm átmérőjű görgőkkel, 120 mm menetemelkedéssel</li>
</ul>

<p>Rendkívül gyors forgógyűrűs stretch-fóliázó gép</p>
